{"version":"1.0","provider_name":"Albinfo","provider_url":"https:\/\/www.albinfo.ch\/de\/","author_name":"erezzaademi","author_url":"https:\/\/www.albinfo.ch\/de\/author\/erezzaademi\/","title":"Der albanische Boxer \"k\u00e4mpft\" gegen Anthony Joshua - Albinfo","type":"rich","width":600,"height":338,"html":"<blockquote class=\"wp-embedded-content\" data-secret=\"nP3T8PdSxb\"><a href=\"https:\/\/www.albinfo.ch\/de\/boksieri-shqiptar-lufton-kunder-anthony-joshua\/\">Der albanische Boxer &#8220;k\u00e4mpft&#8221; gegen Anthony Joshua<\/a><\/blockquote><iframe sandbox=\"allow-scripts\" security=\"restricted\" src=\"https:\/\/www.albinfo.ch\/de\/boksieri-shqiptar-lufton-kunder-anthony-joshua\/embed\/#?secret=nP3T8PdSxb\" width=\"600\" height=\"338\" title=\"&#8220;Der albanische Boxer &#8220;k\u00e4mpft&#8221; gegen Anthony Joshua&#8221; &#8212; Albinfo\" data-secret=\"nP3T8PdSxb\" frameborder=\"0\" marginwidth=\"0\" marginheight=\"0\" scrolling=\"no\" class=\"wp-embedded-content\"><\/iframe><script type=\"text\/javascript\">\n\/* <![CDATA[ *\/\n\/*! This file is auto-generated *\/\n!function(d,l){\"use strict\";l.querySelector&&d.addEventListener&&\"undefined\"!=typeof URL&&(d.wp=d.wp||{},d.wp.receiveEmbedMessage||(d.wp.receiveEmbedMessage=function(e){var t=e.data;if((t||t.secret||t.message||t.value)&&!\/[^a-zA-Z0-9]\/.test(t.secret)){for(var s,r,n,a=l.querySelectorAll('iframe[data-secret=\"'+t.secret+'\"]'),o=l.querySelectorAll('blockquote[data-secret=\"'+t.secret+'\"]'),c=new RegExp(\"^https?:$\",\"i\"),i=0;i<o.length;i++)o[i].style.display=\"none\";for(i=0;i<a.length;i++)s=a[i],e.source===s.contentWindow&&(s.removeAttribute(\"style\"),\"height\"===t.message?(1e3<(r=parseInt(t.value,10))?r=1e3:~~r<200&&(r=200),s.height=r):\"link\"===t.message&&(r=new URL(s.getAttribute(\"src\")),n=new URL(t.value),c.test(n.protocol))&&n.host===r.host&&l.activeElement===s&&(d.top.location.href=t.value))}},d.addEventListener(\"message\",d.wp.receiveEmbedMessage,!1),l.addEventListener(\"DOMContentLoaded\",function(){for(var e,t,s=l.querySelectorAll(\"iframe.wp-embedded-content\"),r=0;r<s.length;r++)(t=(e=s[r]).getAttribute(\"data-secret\"))||(t=Math.random().toString(36).substring(2,12),e.src+=\"#?secret=\"+t,e.setAttribute(\"data-secret\",t)),e.contentWindow.postMessage({message:\"ready\",secret:t},\"*\")},!1)))}(window,document);\n\/* ]]> *\/\n<\/script>\n","thumbnail_url":"https:\/\/www.albinfo.ch\/wp-content\/uploads\/2026\/04\/855a8156-9368-47d3-8d5d-2254a7e63a37-e1777302601178.webp","thumbnail_width":980,"thumbnail_height":1225,"description":"Der albanische Boxer Kristian Prenga wird am 25 Juli gegen Anthony Joshua antreten. Joshua best\u00e4tigte heute den Kampf gegen Prenga, der in Riad in Saudi Arabien stattfinden wird. Joshua geh\u00f6rt zu den bekanntesten Boxern der letzten Jahrzehnte, w\u00e4hrend Prenga in seiner Profikarriere 20 Siege und nur eine Niederlage vorweisen kann. Der ehemalige Weltmeister im Schwergewicht [&hellip;]"}

Der albanische Boxer "kämpft" gegen Anthony Joshua - Albinfo

<blockquote class="wp-embedded-content" data-secret="nP3T8PdSxb"><a href="https://www.albinfo.ch/de/boksieri-shqiptar-lufton-kunder-anthony-joshua/">Der albanische Boxer &#8220;kämpft&#8221; gegen Anthony Joshua</a></blockquote><iframe sandbox="allow-scripts" security="restricted" src="https://www.albinfo.ch/de/boksieri-shqiptar-lufton-kunder-anthony-joshua/embed/#?secret=nP3T8PdSxb" width="600" height="338" title="&#8220;Der albanische Boxer &#8220;kämpft&#8221; gegen Anthony Joshua&#8221; &#8212; Albinfo" data-secret="nP3T8PdSxb" frameborder="0" marginwidth="0" marginheight="0" scrolling="no" class="wp-embedded-content"></iframe><script type="text/javascript">
/* <![CDATA[ */
/*! This file is auto-generated */
!function(d,l){"use strict";l.querySelector&&d.addEventListener&&"undefined"!=typeof URL&&(d.wp=d.wp||{},d.wp.receiveEmbedMessage||(d.wp.receiveEmbedMessage=function(e){var t=e.data;if((t||t.secret||t.message||t.value)&&!/[^a-zA-Z0-9]/.test(t.secret)){for(var s,r,n,a=l.querySelectorAll('iframe[data-secret="'+t.secret+'"]'),o=l.querySelectorAll('blockquote[data-secret="'+t.secret+'"]'),c=new RegExp("^https?:$","i"),i=0;i<o.length;i++)o[i].style.display="none";for(i=0;i<a.length;i++)s=a[i],e.source===s.contentWindow&&(s.removeAttribute("style"),"height"===t.message?(1e3<(r=parseInt(t.value,10))?r=1e3:~~r<200&&(r=200),s.height=r):"link"===t.message&&(r=new URL(s.getAttribute("src")),n=new URL(t.value),c.test(n.protocol))&&n.host===r.host&&l.activeElement===s&&(d.top.location.href=t.value))}},d.addEventListener("message",d.wp.receiveEmbedMessage,!1),l.addEventListener("DOMContentLoaded",function(){for(var e,t,s=l.querySelectorAll("iframe.wp-embedded-content"),r=0;r<s.length;r++)(t=(e=s[r]).getAttribute("data-secret"))||(t=Math.random().toString(36).substring(2,12),e.src+="#?secret="+t,e.setAttribute("data-secret",t)),e.contentWindow.postMessage({message:"ready",secret:t},"*")},!1)))}(window,document);
/* ]]> */
</script>

Der albanische Boxer Kristian Prenga wird am 25 Juli gegen Anthony Joshua antreten. Joshua bestätigte heute den Kampf gegen Prenga, der in Riad in Saudi Arabien stattfinden wird. Joshua gehört zu den bekanntesten Boxern der letzten Jahrzehnte, während Prenga in seiner Profikarriere 20 Siege und nur eine Niederlage vorweisen kann. Der ehemalige Weltmeister im Schwergewicht [&hellip;]
