{"version":"1.0","provider_name":"Albinfo","provider_url":"https:\/\/www.albinfo.ch\/de\/","author_name":"Vjosa Gervalla","author_url":"https:\/\/www.albinfo.ch\/de\/author\/vjosagervalla\/","title":"Ein Feenm\u00e4rchen 2.0 - Albinfo","type":"rich","width":600,"height":338,"html":"<blockquote class=\"wp-embedded-content\" data-secret=\"cbX1iqA0eg\"><a href=\"https:\/\/www.albinfo.ch\/de\/ein-feenmaerchen-2-0\/\">Ein Feenm\u00e4rchen 2.0<\/a><\/blockquote><iframe sandbox=\"allow-scripts\" security=\"restricted\" src=\"https:\/\/www.albinfo.ch\/de\/ein-feenmaerchen-2-0\/embed\/#?secret=cbX1iqA0eg\" width=\"600\" height=\"338\" title=\"&#8220;Ein Feenm\u00e4rchen 2.0&#8221; &#8212; Albinfo\" data-secret=\"cbX1iqA0eg\" frameborder=\"0\" marginwidth=\"0\" marginheight=\"0\" scrolling=\"no\" class=\"wp-embedded-content\"><\/iframe><script type=\"text\/javascript\">\n\/* <![CDATA[ *\/\n\/*! This file is auto-generated *\/\n!function(d,l){\"use strict\";l.querySelector&&d.addEventListener&&\"undefined\"!=typeof URL&&(d.wp=d.wp||{},d.wp.receiveEmbedMessage||(d.wp.receiveEmbedMessage=function(e){var t=e.data;if((t||t.secret||t.message||t.value)&&!\/[^a-zA-Z0-9]\/.test(t.secret)){for(var s,r,n,a=l.querySelectorAll('iframe[data-secret=\"'+t.secret+'\"]'),o=l.querySelectorAll('blockquote[data-secret=\"'+t.secret+'\"]'),c=new RegExp(\"^https?:$\",\"i\"),i=0;i<o.length;i++)o[i].style.display=\"none\";for(i=0;i<a.length;i++)s=a[i],e.source===s.contentWindow&&(s.removeAttribute(\"style\"),\"height\"===t.message?(1e3<(r=parseInt(t.value,10))?r=1e3:~~r<200&&(r=200),s.height=r):\"link\"===t.message&&(r=new URL(s.getAttribute(\"src\")),n=new URL(t.value),c.test(n.protocol))&&n.host===r.host&&l.activeElement===s&&(d.top.location.href=t.value))}},d.addEventListener(\"message\",d.wp.receiveEmbedMessage,!1),l.addEventListener(\"DOMContentLoaded\",function(){for(var e,t,s=l.querySelectorAll(\"iframe.wp-embedded-content\"),r=0;r<s.length;r++)(t=(e=s[r]).getAttribute(\"data-secret\"))||(t=Math.random().toString(36).substring(2,12),e.src+=\"#?secret=\"+t,e.setAttribute(\"data-secret\",t)),e.contentWindow.postMessage({message:\"ready\",secret:t},\"*\")},!1)))}(window,document);\n\/* ]]> *\/\n<\/script>\n","thumbnail_url":"https:\/\/www.albinfo.ch\/wp-content\/uploads\/2022\/07\/zana12.jpg","thumbnail_width":897,"thumbnail_height":562,"description":"3\/4 Die vier einzigartigen Portraits die wir in diesen Reportagen zeigen werden, sind inspirierende Geschichten. Yll, Zana, Rrezeart und Blerinda erz\u00e4hlen, wie sie die Kraft fanden und nie den Glauben verloren haben um ihre Tr\u00e4ume im Kosovo zu verwirklichen. Mit diesem kleinen Beitrag m\u00f6chten wir die unerm\u00fcdliche Arbeit von diesen jungen Frauen und M\u00e4nnern hervorheben die zusammen mit vielen anderen, ihren Beitrag f\u00fcr den Wandel des Landes und der kosovarischen Gesellschaft leisten."}

Ein Feenmärchen 2.0 - Albinfo

<blockquote class="wp-embedded-content" data-secret="cbX1iqA0eg"><a href="https://www.albinfo.ch/de/ein-feenmaerchen-2-0/">Ein Feenmärchen 2.0</a></blockquote><iframe sandbox="allow-scripts" security="restricted" src="https://www.albinfo.ch/de/ein-feenmaerchen-2-0/embed/#?secret=cbX1iqA0eg" width="600" height="338" title="&#8220;Ein Feenmärchen 2.0&#8221; &#8212; Albinfo" data-secret="cbX1iqA0eg" frameborder="0" marginwidth="0" marginheight="0" scrolling="no" class="wp-embedded-content"></iframe><script type="text/javascript">
/* <![CDATA[ */
/*! This file is auto-generated */
!function(d,l){"use strict";l.querySelector&&d.addEventListener&&"undefined"!=typeof URL&&(d.wp=d.wp||{},d.wp.receiveEmbedMessage||(d.wp.receiveEmbedMessage=function(e){var t=e.data;if((t||t.secret||t.message||t.value)&&!/[^a-zA-Z0-9]/.test(t.secret)){for(var s,r,n,a=l.querySelectorAll('iframe[data-secret="'+t.secret+'"]'),o=l.querySelectorAll('blockquote[data-secret="'+t.secret+'"]'),c=new RegExp("^https?:$","i"),i=0;i<o.length;i++)o[i].style.display="none";for(i=0;i<a.length;i++)s=a[i],e.source===s.contentWindow&&(s.removeAttribute("style"),"height"===t.message?(1e3<(r=parseInt(t.value,10))?r=1e3:~~r<200&&(r=200),s.height=r):"link"===t.message&&(r=new URL(s.getAttribute("src")),n=new URL(t.value),c.test(n.protocol))&&n.host===r.host&&l.activeElement===s&&(d.top.location.href=t.value))}},d.addEventListener("message",d.wp.receiveEmbedMessage,!1),l.addEventListener("DOMContentLoaded",function(){for(var e,t,s=l.querySelectorAll("iframe.wp-embedded-content"),r=0;r<s.length;r++)(t=(e=s[r]).getAttribute("data-secret"))||(t=Math.random().toString(36).substring(2,12),e.src+="#?secret="+t,e.setAttribute("data-secret",t)),e.contentWindow.postMessage({message:"ready",secret:t},"*")},!1)))}(window,document);
/* ]]> */
</script>

3/4 Die vier einzigartigen Portraits die wir in diesen Reportagen zeigen werden, sind inspirierende Geschichten. Yll, Zana, Rrezeart und Blerinda erzählen, wie sie die Kraft fanden und nie den Glauben verloren haben um ihre Träume im Kosovo zu verwirklichen. Mit diesem kleinen Beitrag möchten wir die unermüdliche Arbeit von diesen jungen Frauen und Männern hervorheben die zusammen mit vielen anderen, ihren Beitrag für den Wandel des Landes und der kosovarischen Gesellschaft leisten.
