{"version":"1.0","provider_name":"Albinfo","provider_url":"https:\/\/www.albinfo.ch\/de\/","author_name":"albinfo.ch","author_url":"https:\/\/www.albinfo.ch\/de\/author\/blerimshabani\/","title":"Kosovos Landesgrenzen bleiben frei und sicher - Albinfo","type":"rich","width":600,"height":338,"html":"<blockquote class=\"wp-embedded-content\" data-secret=\"ygzFpR8PQV\"><a href=\"https:\/\/www.albinfo.ch\/de\/kosovos-landesgrenzen-bleiben-frei-und-sicher\/\">Kosovos Landesgrenzen bleiben frei und sicher<\/a><\/blockquote><iframe sandbox=\"allow-scripts\" security=\"restricted\" src=\"https:\/\/www.albinfo.ch\/de\/kosovos-landesgrenzen-bleiben-frei-und-sicher\/embed\/#?secret=ygzFpR8PQV\" width=\"600\" height=\"338\" title=\"&#8220;Kosovos Landesgrenzen bleiben frei und sicher&#8221; &#8212; Albinfo\" data-secret=\"ygzFpR8PQV\" frameborder=\"0\" marginwidth=\"0\" marginheight=\"0\" scrolling=\"no\" class=\"wp-embedded-content\"><\/iframe><script type=\"text\/javascript\">\n\/* <![CDATA[ *\/\n\/*! This file is auto-generated *\/\n!function(d,l){\"use strict\";l.querySelector&&d.addEventListener&&\"undefined\"!=typeof URL&&(d.wp=d.wp||{},d.wp.receiveEmbedMessage||(d.wp.receiveEmbedMessage=function(e){var t=e.data;if((t||t.secret||t.message||t.value)&&!\/[^a-zA-Z0-9]\/.test(t.secret)){for(var s,r,n,a=l.querySelectorAll('iframe[data-secret=\"'+t.secret+'\"]'),o=l.querySelectorAll('blockquote[data-secret=\"'+t.secret+'\"]'),c=new RegExp(\"^https?:$\",\"i\"),i=0;i<o.length;i++)o[i].style.display=\"none\";for(i=0;i<a.length;i++)s=a[i],e.source===s.contentWindow&&(s.removeAttribute(\"style\"),\"height\"===t.message?(1e3<(r=parseInt(t.value,10))?r=1e3:~~r<200&&(r=200),s.height=r):\"link\"===t.message&&(r=new URL(s.getAttribute(\"src\")),n=new URL(t.value),c.test(n.protocol))&&n.host===r.host&&l.activeElement===s&&(d.top.location.href=t.value))}},d.addEventListener(\"message\",d.wp.receiveEmbedMessage,!1),l.addEventListener(\"DOMContentLoaded\",function(){for(var e,t,s=l.querySelectorAll(\"iframe.wp-embedded-content\"),r=0;r<s.length;r++)(t=(e=s[r]).getAttribute(\"data-secret\"))||(t=Math.random().toString(36).substring(2,12),e.src+=\"#?secret=\"+t,e.setAttribute(\"data-secret\",t)),e.contentWindow.postMessage({message:\"ready\",secret:t},\"*\")},!1)))}(window,document);\n\/* ]]> *\/\n<\/script>\n","thumbnail_url":"https:\/\/www.albinfo.ch\/wp-content\/uploads\/2022\/12\/242491463_339984334582277_8990531234036897936_n-1.jpg","thumbnail_width":768,"thumbnail_height":512,"description":"Kosovo kann noch vor der Jahreswende wieder aufatmen, denn der j\u00fcngste demokratische Staat Europas konnte zusammen mit Regierungschef Albin Kurti und Friedensbem\u00fchungen aus Seiten der NATO daf\u00fcr sorgen, dass der kosovarische Bezirk Mitrovica wieder barrikadenfrei wurde"}

Kosovo kann noch vor der Jahreswende wieder aufatmen, denn der jüngste demokratische Staat Europas konnte zusammen mit Regierungschef Albin Kurti und Friedensbemühungen aus Seiten der NATO dafür sorgen, dass der kosovarische Bezirk Mitrovica wieder barrikadenfrei wurde
