{"version":"1.0","provider_name":"Albinfo","provider_url":"https:\/\/www.albinfo.ch\/fr\/","author_name":"Albinfo","author_url":"https:\/\/www.albinfo.ch\/fr\/author\/albinfo\/","title":"Minorit\u00e9s ayant un besoin de protection particulier\u00a0 - Albinfo","type":"rich","width":600,"height":338,"html":"<blockquote class=\"wp-embedded-content\" data-secret=\"d6Dw2URAC1\"><a href=\"https:\/\/www.albinfo.ch\/fr\/grupet-e-minoriteteve-ne-zvicer-do-perfitojne-mbrojtje\/\">Minorit\u00e9s ayant un besoin de protection particulier\u00a0<\/a><\/blockquote><iframe sandbox=\"allow-scripts\" security=\"restricted\" src=\"https:\/\/www.albinfo.ch\/fr\/grupet-e-minoriteteve-ne-zvicer-do-perfitojne-mbrojtje\/embed\/#?secret=d6Dw2URAC1\" width=\"600\" height=\"338\" title=\"&#8220;Minorit\u00e9s ayant un besoin de protection particulier\u00a0&#8221; &#8212; Albinfo\" data-secret=\"d6Dw2URAC1\" frameborder=\"0\" marginwidth=\"0\" marginheight=\"0\" scrolling=\"no\" class=\"wp-embedded-content\"><\/iframe><script type=\"text\/javascript\">\n\/* <![CDATA[ *\/\n\/*! This file is auto-generated *\/\n!function(d,l){\"use strict\";l.querySelector&&d.addEventListener&&\"undefined\"!=typeof URL&&(d.wp=d.wp||{},d.wp.receiveEmbedMessage||(d.wp.receiveEmbedMessage=function(e){var t=e.data;if((t||t.secret||t.message||t.value)&&!\/[^a-zA-Z0-9]\/.test(t.secret)){for(var s,r,n,a=l.querySelectorAll('iframe[data-secret=\"'+t.secret+'\"]'),o=l.querySelectorAll('blockquote[data-secret=\"'+t.secret+'\"]'),c=new RegExp(\"^https?:$\",\"i\"),i=0;i<o.length;i++)o[i].style.display=\"none\";for(i=0;i<a.length;i++)s=a[i],e.source===s.contentWindow&&(s.removeAttribute(\"style\"),\"height\"===t.message?(1e3<(r=parseInt(t.value,10))?r=1e3:~~r<200&&(r=200),s.height=r):\"link\"===t.message&&(r=new URL(s.getAttribute(\"src\")),n=new URL(t.value),c.test(n.protocol))&&n.host===r.host&&l.activeElement===s&&(d.top.location.href=t.value))}},d.addEventListener(\"message\",d.wp.receiveEmbedMessage,!1),l.addEventListener(\"DOMContentLoaded\",function(){for(var e,t,s=l.querySelectorAll(\"iframe.wp-embedded-content\"),r=0;r<s.length;r++)(t=(e=s[r]).getAttribute(\"data-secret\"))||(t=Math.random().toString(36).substring(2,12),e.src+=\"#?secret=\"+t,e.setAttribute(\"data-secret\",t)),e.contentWindow.postMessage({message:\"ready\",secret:t},\"*\")},!1)))}(window,document);\n\/* ]]> *\/\n<\/script>\n","thumbnail_url":"https:\/\/www.albinfo.ch\/wp-content\/uploads\/2018\/11\/350824475-1.jpg","thumbnail_width":1024,"thumbnail_height":683,"description":"Le Conseil f\u00e9d\u00e9ral entend verser jusqu&#8217;\u00e0 500 000 francs par an pour participer aux co\u00fbts de s\u00e9curit\u00e9 que doivent supporter les minorit\u00e9s particuli\u00e8rement expos\u00e9es au terrorisme ou \u00e0 l\u2019extr\u00e9misme violent. Lors de sa s\u00e9ance du 30 janvier 2019, le Conseil f\u00e9d\u00e9ral a mis en consultation l&#8217;ordonnance qui servira de base \u00e0 l&#8217;octroi de ces aides. [&hellip;]"}

Minorités ayant un besoin de protection particulier  - Albinfo

<blockquote class="wp-embedded-content" data-secret="d6Dw2URAC1"><a href="https://www.albinfo.ch/fr/grupet-e-minoriteteve-ne-zvicer-do-perfitojne-mbrojtje/">Minorités ayant un besoin de protection particulier </a></blockquote><iframe sandbox="allow-scripts" security="restricted" src="https://www.albinfo.ch/fr/grupet-e-minoriteteve-ne-zvicer-do-perfitojne-mbrojtje/embed/#?secret=d6Dw2URAC1" width="600" height="338" title="&#8220;Minorités ayant un besoin de protection particulier &#8221; &#8212; Albinfo" data-secret="d6Dw2URAC1" frameborder="0" marginwidth="0" marginheight="0" scrolling="no" class="wp-embedded-content"></iframe><script type="text/javascript">
/* <![CDATA[ */
/*! This file is auto-generated */
!function(d,l){"use strict";l.querySelector&&d.addEventListener&&"undefined"!=typeof URL&&(d.wp=d.wp||{},d.wp.receiveEmbedMessage||(d.wp.receiveEmbedMessage=function(e){var t=e.data;if((t||t.secret||t.message||t.value)&&!/[^a-zA-Z0-9]/.test(t.secret)){for(var s,r,n,a=l.querySelectorAll('iframe[data-secret="'+t.secret+'"]'),o=l.querySelectorAll('blockquote[data-secret="'+t.secret+'"]'),c=new RegExp("^https?:$","i"),i=0;i<o.length;i++)o[i].style.display="none";for(i=0;i<a.length;i++)s=a[i],e.source===s.contentWindow&&(s.removeAttribute("style"),"height"===t.message?(1e3<(r=parseInt(t.value,10))?r=1e3:~~r<200&&(r=200),s.height=r):"link"===t.message&&(r=new URL(s.getAttribute("src")),n=new URL(t.value),c.test(n.protocol))&&n.host===r.host&&l.activeElement===s&&(d.top.location.href=t.value))}},d.addEventListener("message",d.wp.receiveEmbedMessage,!1),l.addEventListener("DOMContentLoaded",function(){for(var e,t,s=l.querySelectorAll("iframe.wp-embedded-content"),r=0;r<s.length;r++)(t=(e=s[r]).getAttribute("data-secret"))||(t=Math.random().toString(36).substring(2,12),e.src+="#?secret="+t,e.setAttribute("data-secret",t)),e.contentWindow.postMessage({message:"ready",secret:t},"*")},!1)))}(window,document);
/* ]]> */
</script>

Le Conseil fédéral entend verser jusqu&#8217;à 500 000 francs par an pour participer aux coûts de sécurité que doivent supporter les minorités particulièrement exposées au terrorisme ou à l’extrémisme violent. Lors de sa séance du 30 janvier 2019, le Conseil fédéral a mis en consultation l&#8217;ordonnance qui servira de base à l&#8217;octroi de ces aides. [&hellip;]
